3 a composite number?
True
Is 14756003 a prime number?
False
Is 38803837 a composite number?
False
Is 488603 a composite number?
False
Is 338237857 prime?
True
Is 25323677 a composite number?
False
Is 338609 composite?
False
Is 763339 a composite number?
False
Is 187083271 a composite number?
False
Is 58689577 prime?
False
Is 1140551 prime?
False
Is 5014739 composite?
False
Is 16058069 a composite number?
False
Is 374531 prime?
True
Is 679517 prime?
True
Is 148663 a prime number?
True
Is 30376117 composite?
True
Is 4820533 composite?
False
Is 12328913 a composite number?
True
Is 19737141 a composite number?
True
Is 96581 prime?
True
Is 7485941 prime?
True
Is 34505437 a composite number?
True
Is 2859889 prime?
False
Is 142860961 prime?
True
Is 2422223 prime?
True
Is 4314181 a prime number?
True
Is 5807887 a prime number?
True
Is 9094738 prime?
False
Is 100987534 a composite number?
True
Is 12632051 composite?
False
Is 36134509 a prime number?
False
Is 892433 a composite number?
False
Is 28960469 a prime number?
False
Is 5696321 a composite number?
False
Is 11207662 a prime number?
False
Is 81365527 composite?
False
Is 458943 composite?
True
Is 10188823 composite?
True
Is 100787 a composite number?
False
Is 452131 a composite number?
False
Is 32703299 prime?
True
Is 1730914 a prime number?
False
Is 3968153 prime?
False
Is 9402167 prime?
True
Is 13896907 a composite number?
False
Is 90331201 a composite number?
True
Is 801583 prime?
False
Is 183310433 a prime number?
False
Is 229872853 a prime number?
False
Is 1372789 a composite number?
True
Is 57844871 a composite number?
True
Is 33111877 a prime number?
True
Is 12290039 prime?
False
Is 264007 a prime number?
True
Is 437063009 a composite number?
False
Is 139111733 composite?
False
Is 7171829 prime?
False
Is 762505 a composite number?
True
Is 3143978 composite?
True
Is 3669053 composite?
True
Is 71218549 a composite number?
False
Is 25807607 composite?
True
Is 5161243 composite?
False
Is 3517247 a composite number?
False
Is 785003 composite?
False
Is 38623901 a prime number?
False
Is 27787957 prime?
True
Is 66054971 a composite number?
True
Is 6891119 prime?
True
Is 2186857 a prime number?
True
Is 214715587 prime?
False
Is 195017939 prime?
True
Is 22439839 composite?
True
Is 1423579 a prime number?
True
Is 11612047 composite?
False
Is 521709283 a prime number?
False
Is 6535987 a prime number?
True
Is 2669111 a prime number?
True
Is 12520367 a prime number?
True
Is 3919763 a composite number?
False
Is 6141533 prime?
False
Is 2489359 a composite number?
True
Is 113616373 a prime number?
False
Is 1459453 composite?
False
Is 7714927 a prime number?
False
Is 42764479 composite?
False
Is 414075751 prime?
True
Is 194680711 a composite number?
True
Is 61068599 composite?
True
Is 13767277 a composite number?
False
Is 37807379 composite?
False
Is 32073037 a composite number?
False
Is 16510141 a composite number?
True
Is 501895 prime?
False
Is 480129161 composite?
False
Is 765629987 a composite number?
False
Is 3161953 a prime number?
True
Is 3356387 a composite number?
False
Is 349729 composite?
False
Is 589131769 composite?
False
Is 17446411 a prime number?
False
Is 43522379 composite?
False
Is 21370229 composite?
True
Is 22375421 composite?
False
Is 11045621 a composite number?
False
Is 15702487 a composite number?
False
Is 23599019 prime?
True
Is 509225477 composite?
False
Is 18862099 composite?
True
Is 45876821 a prime number?
False
Is 56690401 a prime number?
False
Is 752762707 a prime number?
True
Is 7174907 a prime number?
True
Is 1201523 a composite number?
False
Is 29520421 a composite number?
True
Is 104714969 composite?
True
Is 30959129 a composite number?
True
Is 211206302 prime?
False
Is 60766639 composite?
True
Is 1111609 prime?
False
Is 58878301 a prime number?
False
Is 77789783 a prime number?
True
Is 9083281 composite?
False
Is 31926407 prime?
True
Is 4985089 a prime number?
False
Is 8738011 prime?
True
Is 42857489 a prime number?
True
Is 1213445 prime?
False
Is 51182927 prime?
True
Is 177697 prime?
False
Is 6329849 a composite number?
True
Is 42283961 prime?
True
Is 365667805 a prime number?
False
Is 494493113 composite?
False
Is 6439 composite?
True
Is 3053041 composite?
False
Is 15951981 a prime number?
False
Is 52430887 prime?
False
Is 102205339 composite?
False
Is 557183447 a prime number?
True
Is 1197941 composite?
False
Is 12316151 a composite number?
False
Is 82291 composite?
True
Is 1006423 a composite number?
True
Is 36180757 a composite number?
False
Is 57126389 prime?
False
Is 66204563 composite?
True
Is 458219857 composite?
False
Is 2492143 a prime number?
True
Is 703301 composite?
False
Is 918835773 a prime number?
False
Is 20103899 a composite number?
True
Is 232244587 composite?
True
Is 214421241 a prime number?
False
Is 299291 composite?
True
Is 159152209 a composite number?
True
Is 5648737 prime?
False
Is 78770443 prime?
True
Is 2976577 composite?
True
Is 41492191 composite?
True
Is 337261 a composite number?
False
Is 3928767 a prime number?
False
Is 185401 a composite number?
False
Is 208628711 a composite number?
False
Is 972149 prime?
False
Is 12599309 a composite number?
False
Is 108589981 prime?
False
Is 4756519 a composite number?
True
Is 29177611 a prime number?
True
Is 225001741 a composite number?
False
Is 8021539 prime?
True
Is 20356927 a prime number?
False
Is 1717427 composite?
True
Is 47916237 a composite number?
True
Is 80786801 composite?
False
Is 25649867 prime?
False
Is 193835 composite?
True
Is 856649 a prime number?
True
Is 6031547 prime?
True
Is 3941617 prime?
False
Is 2343001 a prime number?
True
Is 14108557 prime?
False
Is 2305567 prime?
False
Is 1745291 composite?
True
Is 8989357 a prime number?
False
Is 3433037 a prime number?
True
Is 13454171 prime?
False
Is 103135841 a prime number?
False
Is 3552331 a composite number?
True
Is 53618917 prime?
False
Is 8902981 a composite number?
False
Is 709783 prime?
False
Is 10484531 a prime number?
True
Is 38903 a prime number?
True
Is 28564633 a composite number?
True
Is 83327807 composite?
False
Is 23432533 a composite number?
True
Is 3040493 a prime number?
False
Is 126212071 a prime number?
True
Is 11851859 prime?
True
Is 48242933 a prime number?
False
Is 1055113 a prime number?
True
Is 153139178 a composite number?
True
Is 8431539 composite?
True
Is 6570139 prime?
True
Is 194071385 a prime number?
False
Is 14307473 a prime number?
True
Is 10877693 prime?
True
Is 482347 composite?
False
Is 9775687 composite?
True
Is 2119529 prime?
False
Is 73437289 a composite number?
True
Is 38881597 prime?
True
Is 82520239 prime?
False
Is 516522241 composite?
False
Is 822119 prime?
False
Is 281663 a prime number?
True
Is 2242157 a composite number?
False
Is 1253929 a prime number?
False
Is 142040369 a composite number?
True
Is 874799 prime?
True
Is 47866001 a composite number?
False
Is 1711601 a prime number?
False
Is 5745523 prime?
False
Is 10031851 prime?
True
Is 17540543 composite?
False
Is 4428395 composite?
True
Is 20673622 composite?
True
Is 315253 a composite number?
True
Is 57850977 prime?
False
Is 2035681 a prime number?
True
Is 23863883 a composite number?
False
Is 4278731 prime?
True
Is 21583949 a composite number?
False
Is 3269929 a composite number?
True
Is 110255203 prime?
True
Is 1380853 a composite number?
False
Is 4119079 a composite number?
False
Is 35815313 composite?
False
Is 3634109 a composite number?
True
Is 26029763 prime?
True
Is 27211501 a composite number?
False
Is 2638649 a composite number?
True
Is 437017253 prime?
True
Is 189445891 a prime number?
True
Is 58582691 prime?
False
Is 6522907 composite?
True
Is 49535191 prime?
True
Is 84303649 a prime number?
False
Is 4318399 composite?
False
Is 549536761 composite?
True
Is 2657009 a prime number?
False
Is 19261279 a composite number?
True
Is 7221803 composite?
True
Is 21588573 composite?
True
Is 471661 prime?
False
Is 2261267 a composite number?
False
Is 15847721 a composite number?
False
Is 2744467 a prime number?
False
Is 3932573 a composite number?
False
Is 7911413 prime?
True
Is 332888011 a composite number?
False
Is 1911229 a composite number?
True
Is 203240659 a prime number?
False
Is 1849385 a composite number?
True
Is 7483571 prim